on divisor of 21 and 1025327289.
21
What is the greatest common divisor of 2442 and 291595964?
814
What is the highest common factor of 3421 and 2768211?
311
What is the greatest common factor of 13533 and 1233?
3
What is the highest common divisor of 214 and 17155952?
214
Calculate the greatest common divisor of 4552554 and 1850.
74
Calculate the greatest common factor of 3961008 and 3339.
477
Calculate the highest common factor of 5091296 and 49504.
3808
Calculate the highest common factor of 3850875 and 81.
27
What is the greatest common factor of 22527795 and 645?
15
What is the highest common divisor of 225942649 and 197?
197
Calculate the greatest common factor of 20252 and 1649708.
332
What is the greatest common divisor of 154873835 and 23?
23
Calculate the highest common divisor of 352958 and 261602.
46
What is the greatest common factor of 53214228 and 31?
31
Calculate the greatest common divisor of 343313229 and 3759.
3759
Calculate the greatest common divisor of 267202 and 1751906.
1118
Calculate the greatest common divisor of 6419 and 1517635.
917
What is the highest common divisor of 51255 and 7334055?
765
Calculate the greatest common divisor of 12 and 3203449176.
12
Calculate the highest common factor of 81 and 34584831.
9
Calculate the highest common factor of 1052 and 936017.
263
What is the highest common divisor of 32556 and 74892?
12
Calculate the greatest common factor of 19456472 and 2632.
56
What is the highest common divisor of 177498693 and 9?
9
What is the highest common factor of 66430 and 5193293?
511
Calculate the highest common factor of 90013 and 6468.
539
Calculate the highest common factor of 2860 and 1330692220.
2860
Calculate the greatest common factor of 15303246 and 2794.
254
Calculate the greatest common factor of 749 and 24359941.
107
Calculate the highest common factor of 60788329 and 70.
7
What is the highest common factor of 4 and 2200657?
1
What is the greatest common factor of 20944 and 879032?
616
Calculate the highest common factor of 44536 and 3191696.
152
Calculate the highest common divisor of 9168924 and 42166.
1454
What is the highest common factor of 8881 and 12025837?
107
What is the greatest common divisor of 152405201 and 1534?
767
Calculate the greatest common divisor of 18480 and 6331479.
231
Calculate the greatest common divisor of 4140 and 363607.
23
What is the greatest common divisor of 17679 and 1745961?
213
What is the greatest common factor of 184574728 and 16?
8
Calculate the greatest common factor of 6457072 and 1664.
16
What is the greatest common divisor of 790 and 21301165?
395
What is the highest common factor of 3954 and 686678?
1318
Calculate the greatest common factor of 54640 and 48950610.
6830
What is the highest common factor of 1094840 and 10504?
808
What is the greatest common divisor of 991 and 5037253?
991
Calculate the highest common factor of 18319481 and 34441.
3131
Calculate the highest common factor of 425224 and 49197.
23
Calculate the greatest common factor of 848916 and 6597.
9
Calculate the greatest common factor of 56808 and 268394130.
4734
Calculate the greatest common divisor of 104884 and 24284.
52
What is the greatest common divisor of 59969865 and 365?
365
What is the greatest common divisor of 57639690 and 1865?
1865
What is the greatest common divisor of 12692342 and 114?
38
What is the highest common factor of 751917661 and 717?
239
Calculate the greatest common divisor of 1122932 and 52924.
524
What is the highest common divisor of 41914197 and 13923?
1989
What is the greatest common divisor of 243384204 and 63?
21
Calculate the greatest common divisor of 238975 and 575.
25
Calculate the greatest common divisor of 44163 and 27657.
63
What is the greatest common factor of 364640 and 106640?
3440
What is the greatest common divisor of 166815 and 36495?
45
Calculate the highest common factor of 48011 and 2568003.
1171
What is the highest common factor of 2066 and 314555731?
1033
Calculate the highest common factor of 180 and 133247574.
18
What is the highest common factor of 992 and 42633897?
31
Calculate the highest common factor of 320488 and 15816248.
3304
What is the greatest common factor of 5500 and 237832375?
1375
Calculate the highest common divisor of 201880 and 798868.
2884
What is the highest common divisor of 8300648 and 7632?
424
What is the greatest common divisor of 988528 and 32?
16
What is the highest common factor of 355482 and 5448?
1362
Calculate the highest common divisor of 2801820 and 3724.
196
What is the greatest common divisor of 1145131 and 325?
13
What is the highest common divisor of 237228423 and 111?
111
What is the greatest common divisor of 580 and 25338895?
145
Calculate the greatest common divisor of 3941 and 309650.
563
What is the greatest common divisor of 83505 and 23085?
285
What is the greatest common factor of 81 and 921021?
3
What is the greatest common divisor of 24313688 and 14?
14
Calculate the highest common factor of 89058 and 2136.
6
What is the highest common factor of 3152 and 70460399?
197
What is the greatest common divisor of 45724 and 251340?
284
Calculate the greatest common factor of 1425 and 25254610.
95
What is the highest common factor of 106 and 13465869?
53
Calculate the highest common divisor of 10787 and 4251849.
161
Calculate the highest common divisor of 110777788 and 275.
11
What is the highest common divisor of 758 and 909221?
379
Calculate the highest common divisor of 1073007 and 3969.
81
What is the greatest common divisor of 2844145 and 542?
271
Calculate the highest common divisor of 6084 and 364533.
507
Calculate the greatest common factor of 5738174 and 338.
26
Calculate the greatest common factor of 108320 and 25726.
1354
Calculate the greatest common factor of 479830 and 8645.
65
Calculate the highest common divisor of 4047784 and 1768.
104
What is the greatest common divisor of 100 and 4489520?
20
Calculate the highest common divisor of 26318733 and 49.
49
Calculate the greatest common factor of 8360412 and 5688.
948
What is the highest common divisor of 2519103 and 2154?
1077
What is the greatest common factor of 7337354 and 1191?
397
Calculate the highest common factor of 186325 and 66700.
725
Calculate the greatest common factor of 63330912 and 24444.
3492
Calculate the highest common divisor of 161946204 and 1092.
84
What is the greatest common factor of 164794215 and 2190?
1095
Calculate the highest common divisor of 227066 and 63552.
662
What is the highest common factor of 31291 and 103298?
377
What is the highest common factor of 185953 and 57?
19
Calculate the highest common divisor of 76 and 1090566047.
19
What is the highest common factor of 14969949 and 457?
457
Calculate the highest common divisor of 54684 and 169148.
196
What is the highest common divisor of 2065447410 and 780?
390
Calculate the greatest common divisor of 1505 and 49554820.
35
What is the greatest common factor of 13182820 and 140?
140
Calculate the greatest common factor of 17191224 and 408.
24
What is the greatest common factor of 635135910 and 3525?
705
What is the highest common factor of 8214442 and 3348?
62
What is the highest common factor of 378 and 47356785?
189
What is the highest common factor of 5872066 and 932?
466
What is the highest common divisor of 17503550 and 4811?
283
What is the highest common factor of 2836882 and 3526?
86
Calculate the greatest common divisor of 48 and 10182184.
8
What is the highest common factor of 77586514 and 902?
82
What is the highest common divisor of 5369 and 4419896?
13
Calculate the greatest common factor of 5898 and 12504.
6
What is the highest common divisor of 4865 and 112494368?
973
Calculate the highest common factor of 85717652 and 4.
4
Calculate the highest common divisor of 69849 and 2.
1
What is the greatest common factor of 24 and 648600032?
8
Calculate the greatest common divisor of 719581734 and 369.
369
What is the greatest common divisor of 37700 and 92300?
1300
Calculate the greatest common divisor of 26530236 and 384.
12
What is the greatest common factor of 123 and 151945508?
41
What is the highest common factor of 1187069 and 18161?
1651
What is the greatest common divisor of 198888877 and 308?
11
What is the highest co